ded by 49?
48
Suppose -7*q + 14*q = 56 - 21. Calculate the remainder when 135 is divided by q.
0
Let i = 494 - 131. Suppose -42*w + 31*w = -i. Calculate the remainder when w is divided by 21.
12
Suppose -13*u = -722 - 682. Calculate the remainder when (-6)/(u/(-597)) - 2/12 is divided by 13.
7
Let q(s) be the first derivative of s**2 - 2*s**2 - 5 + 2*s - 4*s + 9*s**3 + 2*s**2. Calculate the remainder when q(2) is divided by 28.
26
Let f(z) = 9*z - 205. Let m be f(23). Calculate the remainder when 36 is divided by 24 - m - (12/(-2) - -7).
15
Let f be ((-27)/27)/(3*(-4)/600). Let h(g) = 13*g + 4. Let u be h(-3). Let r = u + f. Calculate the remainder when 59 is divided by r.
14
Let r(k) = -k**3 - 6*k**2 + 6*k - 6. Let z be r(-7). Let c(l) = l**2 + 5*l - 2. What is the remainder when c(4) is divided by 14 - (z + (2 - 3))?
6
Suppose z + 7*z - 9345 = z. Calculate the remainder when z is divided by 191.
189
What is the remainder when 88 is divided by (0 + 15)*(-6)/(-4)*72/45?
16
Let v(u) = -12*u - 5. Let m be v(-4). Suppose -5*a - b = -35, 3*a - 4*b - m - 1 = 0. Suppose -a = x - 18. What is the remainder when 21 is divided by x?
1
Suppose 72*n + 310*n - 571614 - 1226842 = 0. What is the remainder when n is divided by 131?
123
Let v = 78 - 81. What is the remainder when 6/(-3) - (2 - 82) is divided by 8/12 - 61/v?
15
Suppose 724 + 340 - 64 = 2*s. What is the remainder when s is divided by 46?
40
Let l(i) = 2*i**2 + 7*i + 23*i + 40*i - 5*i - 116. What is the remainder when l(-35) is divided by 10?
9
Let c = 242 + -237. Suppose -4*a - 4*i + 44 = -a, a + c*i = 11. What is the remainder when 318 is divided by a?
14
Let v = -4074 - -4752. Calculate the remainder when v is divided by 181.
135
Let j(m) = 22*m - 24. Let s be j(3). Calculate the remainder when 27 is divided by (-7)/((14/s)/(2/(-3))).
13
Suppose -f + 305 + 556 = 0. Suppose f*i - 859*i - 16 = 0. Calculate the remainder when 15 is divided by i.
7
Suppose j - 2*f + 9 = 7, 5*j + 3*f - 29 = 0. Suppose j = -r, 2*c - 4*r = 37 - 1. Calculate the remainder when 29 is divided by c.
9
Let w(k) = -141*k + 7. Let f be -3*(1 + 10/(-15)). What is the remainder when w(f) is divided by 38?
34
Suppose -36 = -2466*z + 2460*z. Suppose 13*o - z*o = 168. Calculate the remainder when 405 is divided by o.
21
Calculate the remainder when (0 + (-2)/4)/(-19 + 193137/10166) is divided by 36.
11
Suppose -3*j - 41 = -0*r - 2*r, 4*j - 3*r = -54. Let q(f) = -27*f + 28. What is the remainder when q(j) is divided by 73?
68
Suppose -p = 2*w - 323, 2*w - 7*w = -15. Calculate the remainder when p is divided by (-1 + -105)/((-4)/2).
52
Let a be -15*(-2)/6 + -3 + 0. Suppose -a*o + 3*g + 448 = 0, 0 = 3*o - 4*g + 7*g - 702. Calculate the remainder when o is divided by 60.
50
Let g(p) = -3*p**2 - 8*p + 1007 + 4*p**2 - 1015. Let f be g(13). Let j = f + -46. What is the remainder when 24 is divided by j?
2
Let m(b) = 28*b - 17. Let z be m(1). Suppose -2*h = -z*h + 171. Calculate the remainder when 187 is divided by h.
16
Let h(g) = -9*g + 17. Let d(m) = -22*m + 42. Let q(r) = -5*d(r) + 12*h(r). Let b be (-26)/(-3) - 26/39. What is the remainder when 38 is divided by q(b)?
8
Let o(g) be the third derivative of g**5/20 + g**4/6 + 2*g**3/3 - 76*g**2. What is the remainder when o(-3) is divided by 8?
3
Suppose -4*r - 1058 = -2*i, -13*i + 18*i - 5*r = 2625. Calculate the remainder when 531 is divided by i.
10
What is the remainder when 2792 is divided by -6 + 88/8 - -16?
20
Let w be (-1)/(-5) + 0 + (-133)/(-35). Suppose w*o = 4*c - 112, -3*c - 2*o = -6*c + 82. What is the remainder when 41 is divided by c?
15
Suppose 0 = p + 7*b - 6*b + 7, -29 = 5*p + 3*b. Calculate the remainder when 43 is divided by (-100)/p + -3*4/(-12).
17
Suppose 215*j = 1558 + 377. What is the remainder when 317 is divided by j?
2
Let v(y) = 121*y - 84. Let t(m) = 25*m - 17. Let o(d) = -22*t(d) + 4*v(d). Calculate the remainder when o(-3) is divided by 17.
15
Let r(w) = 10 + 12 - w + 9 - 34. Let n be r(-6). What is the remainder when 68 is divided by (0 + n)/(((-7)/(-6))/7)?
14
Suppose -138 = 4*u - 558. Let q = 44 + -8. Suppose -19*s = -20*s + q. What is the remainder when u is divided by s?
33
Suppose 103*u = 104*u - 2. Suppose 0 = 2*z - 3*b - 22 - 49, -u*b - 94 = -3*z. Calculate the remainder when 32 is divided by z.
4
Let c(g) = -g**2 + 55. Let y(t) = 6*t**2 + 7*t + 147. Let j be y(-8). Let w = j + -461. Calculate the remainder when c(0) is divided by w.
13
Let f(x) = 9*x**2 + 3969*x - 19835. Let l(i) = 2*i**2 - 7*i + 1. What is the remainder when f(5) is divided by l(5)?
11
Let j(n) = -23*n**3 - 7*n**2 - 27*n + 34. What is the remainder when j(-6) is divided by 13?
11
Suppose 20*k + 90*k - 5874 = 21*k. Suppose -6*m + 4*m = -48. What is the remainder when k is divided by m?
18
Let v(d) = 6*d - 132. Let r = -246 + 269. What is the remainder when 100 is divided by v(r)?
4
Suppose -4*v + 122 = k, 42*v - 3*k + 25 = 43*v. What is the remainder when 10878 is divided by v?
28
Suppose -11*w + 41 + 3 = 0. Calculate the remainder when 274 is divided by (-2)/w*6 + 14.
10
Suppose 5*q - 10*h = 555, -31*h - 121 = -q - 27*h. Let s = 55 - 33. Calculate the remainder when q is divided by s.
13
Suppose 5 = -5*i - 2*c, 4 = -4*i - c - 0*c. Let y be 2*i/2 - 72. Let r = -71 - y. What is the remainder when 2 is divided by r?
0
Let j(h) = -2*h**3 - 5*h**2 + 26*h - 44. What is the remainder when j(-7) is divided by 36?
35
What is the remainder when 11 is divided by 126/27*(-57)/(-133)?
1
Let x be 2/4*8 - 5*-1. Suppose 4*i = -3*q + 17, -2*q - x = -4*q - 5*i. Calculate the remainder when q is divided by 1 + (-1 + 3 - 0).
1
Suppose -121 = -u - 2*o, -4*u + 15*o + 451 = 12*o. What is the remainder when u is divided by 18/6 - (-12 + 1 + 8)?
1
Suppose 42725 = 142*r - 18761. What is the remainder when r is divided by 9?
1
Let i = 240 - 477. Let b = -206 - i. What is the remainder when 61 is divided by b?
30
Let t(w) = 3*w**2 + 29*w - 5. Let r be t(-10). Calculate the remainder when 469 is divided by 117/2 - (-2 - r)/14.
56
Let q(h) = -7*h - 39. Suppose 2*t = -4*d - 68, 5 = -3*t - 1. Let o be q(d). Let p = -24 + o. What is the remainder when p is divided by 17?
15
Suppose 0 = -28*x + 350 - 408 + 814. Calculate the remainder when 9827 is divided by x.
26
Let s = 148 + -7. Let u = s - 98. Let z(p) = 2*p**2 - 20*p - 36. Calculate the remainder when u is divided by z(12).
7
Suppose -322 = -2*n - 9*o, 3*o - 413 - 351 = -4*n. What is the remainder when 591 is divided by n?
0
What is the remainder when 21602/28 - (-5 + (-13)/(-2)) is divided by 70?
0
Let r(n) be the second derivative of n**4/6 + 13*n**3/2 + 187*n**2/2 - 2*n + 39. What is the remainder when r(-6) is divided by 7?
4
Suppose 5*q - 54 = -4*c, 0 = -17*c + 14*c - 12. What is the remainder when 531 is divided by q?
13
Suppose 34 - 42 = w. Let f be (w/(-6))/(0 - 10/(-165)). Let u = 31 - f. What is the remainder when 44 is divided by u?
8
Suppose -3*u = 2*u + 3*o - 336, 4*u - 2*o = 260. Suppose q = -5 - u. Let r = 102 + q. What is the remainder when r is divided by 18?
13
Suppose 12 = -9*r + 129. Let i = r - 19. Calculate the remainder when (292/i)/((-48)/18 - -2) is divided by 15.
13
Let d(c) = 2*c**2 - 1. Let q(r) = r**3 + 31*r**2 + 30*r + 5. Let l be q(-30). Suppose -l*v = v - 18. Calculate the remainder when d(-2) is divided by v.
1
Let b(x) = x**3 + 5*x**2 + 45. Let z be b(-6). Suppose c + 224 = z*c. Calculate the remainder when 49 is divided by c.
21
Let b(g) = g**3 - 9*g**2 - 21*g - 10. Let u be b(11). Let k(a) = 25*a**2 - 5*a + 5. What is the remainder when 47 is divided by k(u)?
22
What is the remainder when 157 is divided by 43 - (-24)/((-72)/9)?
37
What is the remainder when 485 is divided by (-28 + 32)*(16/(-4) + 24)?
5
What is the remainder when (-1471)/(-1) - (-53 - -63) is divided by 17?
16
Let k be (8/((-48)/(-9)))/(9/30). Suppose 3*n = -2*z + 356, 12*z + k*n = 8*z + 716. What is the remainder when z is divided by 60?
4
Suppose 12896 = -7*h + 102*h - 31279. Calculate the remainder when h is divided by 243.
222
Suppose -z + 84 = 6*z. Suppose 7*a + 15 = z*a. Suppose 5*d = 5*s + 55, d + a*d - 49 = 3*s. Calculate the remainder when d is divided by 14.
2
Suppose 2*o + 6*y + 23 = 9*y, 5*o + y = -83. Let s be o/(-7) - 4/14. Calculate 